 = 5*y - 4 - j. Suppose r - y = -4*r. What are the prime factors of r?
2
Let x(f) = f**3 + 6*f**2 + 2*f - 7. List the prime factors of x(-5).
2
Suppose -5*f - 8 - 2 = 0. List the prime factors of 0 - (1 + 28/f).
13
Suppose -122 + 17 = -7*a. List the prime factors of a.
3, 5
Suppose -4 - 16 = -2*k. What are the prime factors of k?
2, 5
Let k be 2/(-2) + 0/(-3). Suppose 6*a = 2*a + 4. Let v = a - k. List the prime factors of v.
2
What are the prime factors of 716/12 - (-2)/6?
2, 3, 5
Let l = 47 + 7. List the prime factors of l.
2, 3
Let s(l) = -l**2 + 10*l - 8. Let c be (1 - -10) + -2 + -1. Let k = c + -2. What are the prime factors of s(k)?
2
Let n = 269 - 409. Let y be n/77 - (-2)/(-11). What are the prime factors of 10/((-1)/y + 0)?
2, 5
Let v = 21 + 37. Let l = -12 + v. What are the prime factors of l?
2, 23
Let n(b) = b. Let k(z) = -5*z + 3. Let w(c) = k(c) + 3*n(c). List the prime factors of w(-9).
3, 7
Let t be 3 - 2/(8/(-28)). List the prime factors of 118/t + (-9)/(-45).
2, 3
Suppose 2*u = -2*i + 2, 2*u - 4*i + 5*i - 1 = 0. Suppose -5*c + 0 = -10, u = -t + 5*c - 120. List the prime factors of t/(-9) + 4/(-18).
2, 3
Suppose 17 = 4*t - 99. What are the prime factors of t?
29
Suppose 0 = 2*u + u - 2*z - 55, -2*u - z + 32 = 0. List the prime factors of u.
17
Let k(v) = v**3 - 7*v**2 + 2*v - 3. Let d be k(7). Suppose 4*q + 3*f = 58, 13 + d = 2*q - f. List the prime factors of q.
13
Let h be 2 - 3 - (-13 - -3). Let t(x) = -x**3 + 9*x**2 + 4*x - 13. What are the prime factors of t(h)?
23
Let j(q) = -7*q + 0*q + 2*q - 3. List the prime factors of j(-3).
2, 3
Let f = 15 + -20. Let k(b) = 2*b**2 + 8*b - 7. What are the prime factors of k(f)?
3
Suppose 0 = 2*b - 5*b + 945. Suppose h - 4*h = 0, b = 5*s + 3*h. Let j = s + -41. List the prime factors of j.
2, 11
What are the prime factors of 5/(-10) - (-2)/8*706?
2, 11
Let c(l) = l**2 + 6*l. Let j be c(-9). Let u = -39 - -21. Let k = j + u. List the prime factors of k.
3
Suppose 5*g - 12 = -d - 1, 0 = 4*d - 3*g + 2. Let l(z) = 7*z. List the prime factors of l(d).
7
Let x = -27 + 29. Suppose -l + j = x*j - 17, 10 = -2*j. List the prime factors of l.
2, 11
Let s = 0 - 1. Let p(t) = -6*t - 8*t + 2*t. What are the prime factors of p(s)?
2, 3
Suppose -19*c = -16*c - 171. What are the prime factors of c?
3, 19
Let p be ((-8)/(-10))/((-4)/(-50)). Suppose 0*d = 5*d - p. Suppose 5*g - d*n - 62 = 0, 4*g + n - 74 = -g. What are the prime factors of g?
2, 7
Suppose 4*s = -s. Suppose 0 = -s*k + 2*k - 32. What are the prime factors of k?
2
Let n(q) = 3*q**3 + 3*q**2 - 2*q + 3. Let g(l) = -l**3 + 2*l**2 + 4*l - 1. Let x be g(3). List the prime factors of n(x).
5, 7
Let m = 19 - 12. Let i = 23 - m. List the prime factors of i.
2
Suppose 4*x - 60 - 16 = 0. What are the prime factors of x?
19
Suppose 0*n = n - 30. What are the prime factors of n?
2, 3, 5
Let q(t) = 1 - 24*t + 0 + 0. What are the prime factors of q(-1)?
5
Suppose 3*j + 2*s - 221 = 0, 5*s = 3*j - 302 + 109. What are the prime factors of j?
71
List the prime factors of 1 + (-1)/(2/(-116)).
59
Suppose 2*t - t + a = 132, 3*t = 5*a + 404. What are the prime factors of t?
7, 19
Let n(y) = -y**3 + 4*y**2 - 2*y - 1. Let p be n(3). Suppose -5*l - 2*t + 69 = 0, 0 = -0*l + 2*l - p*t - 36. List the prime factors of l.
3, 5
Suppose u = -5*t + 43, u + 0*u - 40 = -2*t. Suppose u - 152 = -3*x. List the prime factors of x.
2, 19
Let o(c) = -c**2 - 1. Let s be o(-1). Let q = s + 30. Suppose 3*k + 6*t - 27 = 3*t, 0 = -3*k - 4*t + q. List the prime factors of k.
2
Suppose 12 = 4*g, -2*h = -4*h + 2*g. Suppose h*i + 20 = -2*i, 0 = 3*c + 3*i - 39. What are the prime factors of c?
17
What are the prime factors of ((-6)/(-4))/(9/222)?
37
Let k = -25 - -44. List the prime factors of k.
19
Suppose -3*h = -0*h - 6. Suppose h*k - 4*k = 0. What are the prime factors of (k + -1)/((-6)/102)?
17
Let b(q) = 10*q**2 + 1. Let t be b(1). Let c = -6 + t. Suppose -c*o - 7 = -52. What are the prime factors of o?
3
Let m(h) = -4*h + h**2 + 4*h + 44. Let k be m(0). Suppose -4*y = -k + 4. What are the prime factors of y?
2, 5
Let j = 33 + -92. Let x = -42 - j. What are the prime factors of x?
17
Let x = 54 + -43. List the prime factors of x.
11
Suppose -i + 4*a = -2*i + 11, 5*i - 3*a = -14. Suppose -3*l + 3 = 5*g, -3*g = -0*g + 4*l - 4. List the prime factors of g/(-2) - 11/i.
11
Suppose 3*k + 2 = k. Let i be (-2 + k)*8/6. List the prime factors of 6/i*24/(-9).
2
Let h(w) be the first derivative of 2*w**3 - w**2 + w - 1. Let v be h(2). Suppose b = -2*b + v. What are the prime factors of b?
7
Suppose -183 - 47 = -2*o. List the prime factors of o.
5, 23
Let b(c) = -10*c**2 - 2*c + 5. Let p(j) = -15*j**2 - 3*j + 7. Let f(d) = 7*b(d) - 5*p(d). List the prime factors of f(1).
2, 3
Let l(b) = -b**2 - b - 5. Let t be l(0). What are the prime factors of 4/(t/(15/(-6)))?
2
Suppose -5*v + 15 = 0, -3*g + 18 = -0*v + 2*v. Suppose 8*q = g*q + 16. What are the prime factors of q?
2
Suppose 5*z - 4*k - 4 = 9, -28 = -5*z - k. What are the prime factors of z?
5
Let u(p) = -14*p. Let k be u(-1). What are the prime factors of (k/(-28))/((-1)/54)?
3
Suppose 2*c = -c. Suppose 5*y + r - 53 = c, -3*y - 2*r = -r - 33. List the prime factors of y.
2, 5
Let a = 18 + -15. Let w be ((-1)/1)/(3/(-27)). List the prime factors of 132/w - a/(-9).
3, 5
Suppose g = -f + 90, 3*f + 5*g - 106 = 2*f. What are the prime factors of f?
2, 43
Let m(y) = y**3 + 7*y**2 + 7*y + 9. Let l be m(-6). Let b(r) = l*r - 2*r - 2*r + 2. List the prime factors of b(0).
2
What are the prime factors of ((-3)/2)/(1/(-6))?
3
Let a(l) = 20*l. Let q be a(1). Suppose -4*p + 25 = 1. Let f = q - p. What are the prime factors of f?
2, 7
Suppose -2*u + 0 = -24. Suppose -5*j + 3*b + 20 = 0, 2*j - b = 3*j - u. What are the prime factors of j?
7
Let r(q) = q**3 - 2*q**2 - 3*q + 3. Let z be r(2). What are the prime factors of z/9 + (-70)/(-3)?
23
Let m(z) = -44*z**3 + 2*z**2 - 13*z - 27. What are the prime factors of m(-2)?
359
Let x(t) = t**2 - 4*t + 2. Let o(y) = -3*y. Let f be o(-2). Let l be x(f). Suppose -3*i + 2*v = -15 - 6, 2*v + l = 2*i. What are the prime factors of i?
7
Suppose 2*d + d - 3 = 0. Let l be (-2 - (-4 - 2))/d. List the prime factors of 22/(-3)*(-6)/l.
11
Suppose -s - 2*p + 45 = 6, -4*s - 4*p = -160. List the prime factors of s.
41
Let x = -3 - -3. Suppose 3*z = 3*v - 27, -4*v + x*z + 31 = -5*z. List the prime factors of v.
2, 7
Suppose -c + 17 = a - 2*c, 2*a + 2*c - 38 = 0. Let h = -10 + a. List the prime factors of h.
2
Let a(l) = 2*l**2 - 10. List the prime factors of a(-10).
2, 5, 19
Suppose 0*t - 2 = -t. Suppose t*f + 3*j - 16 - 10 = 0, 48 = 4*f + 5*j. Suppose 5*o + 9 = -g - f, 0 = 4*g + 4*o. List the prime factors of g.
2
Let l(p) = -p**2 + 10*p - 11. Let n be l(10). Let s(w) = -w**2 - 14*w - 7. List the prime factors of s(n).
2, 13
Let h(q) = -25*q - 1. Let w be 1*(-2 - (-3 - -2)). Let a be h(w). Suppose -2*i = -0*i - a. List the prime factors of i.
2, 3
Suppose 2*a = -2*s - 3*a + 19, -5*a - 135 = -5*s. What are the prime factors of s?
2, 11
Let l(n) be the second derivative of n**4/6 + n**3/3 + n**2/2 - n. What are the prime factors of l(2)?
13
Suppose l = -5*w - 1, 3 = l + 4*w + 5. What are the prime factors of ((-82)/(-3))/(l/(-9))?
41
Suppose -7*v + 11*v - 1328 = 0. What are the prime factors of v?
2, 83
Let s = -57 - -60. Suppose -2*i + 6*i - 216 = 0. Suppose s*a = 3*t + i, -2*a + 3*a - 3*t = 22. What are the prime factors of a?
2
Let w(i) = -i**3 - 5*i**2 + 6*i + 2. List the prime factors of w(-6).
2
Suppose g - 602 = 3*o, -o = o. What are the prime factors of (-6)/(-4)*g/21?
43
Suppose -23*b - 384 = -26*b. List the prime factors of b.
2
Let k = 16 + 104. What are the prime factors of k?
2, 3, 5
What are the prime factors of (-1 + 39/12)/((-5)/(-40))?
2, 3
Suppose 78 = 11*s - 9*s. List the prime factors of s.
3, 13
What are the prime factors of (-11)/(-44) + 9/(-4) + 121?
7, 17
Let q be (2/(-4))/(13/936). List the prime factors of (q/(-10))/(15/50).
2, 3
Let p(b) = -b**3 - 15*b**2 - 20*b - 11. What are the prime factors of p(-15)?
17
Let a be 0/(1 - (0 - 1)). Suppose 6*l - l - 15 = a. List the prime factors of l.
3
Let s be 1/(-2) - (-10)/(-4). List the prime factors of (16/s)/((-6)/18).
2
Let x(z) be the first derivative of